ert -1705a47 (base 11) to base 12.
-b82242
Convert 40616002 (base 7) to base 2.
1100111101111100110011
Convert -13b5a18 (base 13) to base 16.
-5fa2a3
Convert 50a76a (base 11) to base 15.
112c28
What is 31143141 (base 5) in base 9?
430205
What is -11001100101011010 (base 2) in base 3?
-12022202021
84331 (base 9) to base 12
28277
eac3 (base 16) to base 11
41176
-111010101111000011 (base 2) to base 15
-4b439
What is 561aa (base 11) in base 5?
10101212
Convert 206852 (base 9) to base 2.
11110000100011111
17a16a (base 11) to base 4
1003220311
Convert 2463954 (base 10) to base 7.
26641353
Convert -101001101010001010110 (base 2) to base 7.
-14413551
Convert -277501 (base 12) to base 3.
-1020022100201
What is 139742 (base 10) in base 8?
420736
Convert 6655253 (base 7) to base 2.
11001000010101110000
136816 (base 9) to base 4
110130321
What is 21012202221 (base 3) in base 13?
4c825
What is 13244100 (base 6) in base 5?
103112130
Convert 42801 (base 10) to base 5.
2332201
What is -2c473 (base 13) in base 15?
-19e71
Convert -10131123230 (base 4) to base 14.
-2260d6
What is 24272351 (base 9) in base 5?
11013414344
101100220102 (base 3) to base 15
406d5
Convert b7459 (base 12) to base 14.
63aa9
Convert -3030203 (base 4) to base 15.
-3d2b
-100111000001001101 (base 2) to base 10
-159821
What is -101110010100010000001 (base 2) in base 6?
-52310213
Convert 5937eb (base 15) to base 10.
4264421
What is 1b384a (base 12) in base 9?
815884
-17c89c (base 13) to base 5
-123132230
1011101001111100110 (base 2) to base 3
201101220102
What is 2061224 (base 8) in base 15?
acc4e
Convert 356d77 (base 14) to base 3.
10102200222100
What is -20114201 (base 6) in base 11?
-35a184
Convert 456500 (base 9) to base 2.
1000010110101110100
Convert -230211010212 (base 4) to base 13.
-2562201
2032421 (base 6) to base 12
48711
-1000100110000000101110 (base 2) to base 10
-2252846
What is 7b403 (base 12) in base 8?
501603
What is 8c286b (base 14) in base 6?
250130423
What is -110312001030 (base 4) in base 13?
-1194126
What is -5510042 (base 6) in base 5?
-32222412
-11001112020 (base 3) to base 4
-103133211
4740064 (base 8) to base 2
100111100000000110100
What is -4806489 (base 10) in base 16?
-495759
What is 10011111111110001 (base 2) in base 10?
81905
What is -967603 (base 12) in base 14?
-45c2c3
4415136 (base 7) to base 6
15341200
22010221221 (base 3) to base 16
2725f
Convert 2332540 (base 8) to base 13.
1937aa
Convert -456199 (base 11) to base 16.
-b1278
What is -262b57 (base 13) in base 11?
-579466
What is -1c10c (base 14) in base 3?
-10122011002
What is 345e7 (base 16) in base 15?
43853
Convert -122202122 (base 5) to base 11.
-36a2a1
What is -188283 (base 16) in base 12?
-655683
-10100222211 (base 3) to base 13
-24268
d7d2b (base 15) to base 6
22401552
What is 11134313 (base 5) in base 13?
362a0
Convert 111434344 (base 6) to base 12.
8259b4
Convert -16147626 (base 9) to base 15.
-a93d66
Convert -3210323222 (base 4) to base 15.
-137c8b
What is 20003345 (base 7) in base 10?
1648295
Convert -1002304 (base 6) to base 5.
-3002300
-1001011112111 (base 3) to base 10
-554431
101100000001011111011100 (base 2) to base 3
210201022111212
What is 53435305 (base 6) in base 7?
16252160
Convert -1368669 (base 10) to base 4.
-11032021131
-112341301 (base 6) to base 16
-1fc3a5
Convert -10977 (base 11) to base 12.
-919a
Convert 32333310 (base 4) to base 8.
167764
What is 11101110001010110101 (base 2) in base 8?
3561265
-14485a (base 14) to base 11
-441012
Convert 1326030 (base 7) to base 10.
174951
479733 (base 13) to base 6
100322333
-1120211012020 (base 3) to base 13
-23684a
-215f4 (base 16) to base 14
-37b5a
-34645646 (base 7) to base 12
-1033242
Convert 2d8336 (base 14) to base 8.
6060314
Convert -100010001000100001 (base 2) to base 9.
-232703
Convert 107244 (base 10) to base 7.
624444
What is 16235c (base 14) in base 8?
2750516
What is -101011100101101111001 (base 2) in base 5?
-331201340
What is ba65bb (base 14) in base 4?
120012130021
What is -203376 (base 9) in base 14?
-31d41
79704 (base 12) to base 9
265744
Convert -1b5b05 (base 12) to base 6.
-14235205
Convert 2bb5a (base 14) to base 6.
2201444
What is 2102110202020 (base 3) in base 11?
800236
Convert 1459ac4 (base 13) to base 2.
11000101101001001111001
Convert b97478 (base 14) to base 6.
342350522
What is -98a86 (base 13) in base 11?
-179756
Convert -1530352 (base 6) to base 10.
-89564
Convert -322545 (base 6) to base 4.
-12133001
-220201002210 (base 3) to base 7
-4063560
15523451 (base 8) to base 15
4ab3c7
What is -1010011111110100001111 (base 2) in base 6?
-134551343
Convert -158b220 (base 12) to base 16.
-435f78
What is ad0dc (base 16) in base 10?
708828
-55847 (base 11) to base 8
-235757
What is -b166f (base 16) in base 8?
-2613157
-1211111200 (base 3) to base 7
-210135
2624214 (base 8) to base 9
1334108
What is 1110120222110 (base 3) in base 12?
316b86
What is 23555307 (base 8) in base 9?
10645816
What is 375031 (base 8) in base 2?
11111101000011001
4665a (base 14) to base 7
1312443
-11448 (base 16) to base 5
-4230403
What is -5357216 (base 9) in base 8?
-12752165
-100000000000101 (base 2) to base 4
-10000011
Convert 1657794 (base 12) to base 13.
c4bb68
Convert -101113003 (base 4) to base 8.
-212703
Convert 1617467 (base 11) to base 2.
1010100010011010001110
2203210 (base 5) to base 15
b38a
What is 322330012 (base 4) in base 10?
241414
Convert -5174125 (base 9) to base 13.
-75a81a
What is 12403442401 (base 5) in base 11?
86a8621
-3404605 (base 7) to base 16
-66fd6
-58025c (base 13) to base 11
-11a484a
What is -51310 (base 6) in base 12?
-3b36
What is -c5925 (base 14) in base 11?
-2a6010
What is 122102132 (base 4) in base 5?
11421203
133120220 (base 4) to base 5
13103202
Convert 1100100011111011 (base 2) to base 9.
77517
What is -4440112 (base 5) in base 6?
-1354540
Convert -254702 (base 10) to base 4.
-332023232
45454200 (base 6) to base 10
1391544
What is -4ccbcb (base 13) in base 11?
-1058730
Convert -61633 (base 11) to base 15.
-1b9ae
313410 (base 9) to base 11
117a09
What is -121122012 (base 4) in base 11?
-7120a
What is a911d (base 15) in base 4?
2003010232
Convert 202321033031 (base 4) to base 16.
8b93cd
What is 13571333 (base 9) in base 11?
387a486
Convert 76346 (base 11) to base 6.
2213210
-14540116 (base 7) to base 8
-5226500
547876 (base 9) to base 8
1177215
Convert -36254011 (base 7) to base 12.
-10b556a
Convert -113004314 (base 6) to base 13.
-587101
-10022102 (base 4) to base 5
-1021132
Convert -37326220 (base 8) to base 9.
-16442816
Convert -38953 (base 14) to base 13.
-4b392
-100011001011111101011111 (base 2) to base 6
-525411503
-3a506 (base 13) to base 9
-174750
What is -9ba17 (base 14) in base 13?
-10301c
111110111111110001 (base 2) to base 11
166956
What is 1f764d (base 16) in base 5?
1011440101
Convert 232133000003 (base 4) to base 2.
101110011111000000000011
Convert -10320202 (base 4) to base 6.
-232334
Convert a49034 (base 11) to base 10.
1681090
-201102 (base 11) to base 13
-b436c
110101110001010010111010 (base 2) to base 14
1c2cc0a
Convert 2723b (base 12) to base 10.
53903
-10035231 (base 10) to base 13
-210490b
Convert -59e2 (base 16) to base 11.
-16319
What is 212212110011 (base 3) in base 8?
1625454
642256 (base 9) to base 6
12105253
-81ddc6 (base 14) to base 12
-1572462
-1002200120021 (base 3) to base 8
-2165225
32b46 (base 12) to base 5
4123202
61873 (base 11) to base 9
146680
What is 1201441114 (base 5) in base 15?
39948e
209180 (base 11) to base 7
2561415
What is 2155252 (base 6) in base 9?
175155
-43315143 (base 6) to base 15
-1a5d39
Convert 276394 (base 10) to base 7.
2230546
What is -ffb23 (base 16) in base 9?
-1865601
What is -64a9 (base 11) in base 6?
-103433
-119368 (base 13) to base 8
-1464574
What is -1e149 (base 16) in base 6?
-2350225
What is -101110010000010111100 (base 2) in base 3?
-2212000011100
What is 25a4a2 (base 14) in base 6?
43440234
What is 41553 (base 7) in base 2?
10011111110110
What is -28c9c9 (base 14) in base 10?
-1417845
Convert 20012000 (base 5) to base 10.
157125
Convert -274612 (base 8) to base 5.
-11043100
What is -626045 (base 7) in base 5?
-11421420
-15b0479 (base 14) to base 15
-e0334d
Convert 43402024 (base 5) to base 11.
234659
-112331020 (base 4) to base 12
-464b4
